ainder when 576075 is divided by 11735.
1060
Calculate the remainder when 71738 is divided by 35494.
750
What is the remainder when 51706 is divided by 51697?
9
What is the remainder when 7102614 is divided by 2367535?
9
Calculate the remainder when 410227 is divided by 478.
103
Calculate the remainder when 6156554 is divided by 381.
356
What is the remainder when 186369 is divided by 6903?
6891
Calculate the remainder when 568663 is divided by 9170.
123
What is the remainder when 48676 is divided by 45551?
3125
Calculate the remainder when 3768693 is divided by 1640.
1613
Calculate the remainder when 40471 is divided by 1686.
7
What is the remainder when 67194186 is divided by 419?
413
Calculate the remainder when 7444475 is divided by 1861061.
231
Calculate the remainder when 984213 is divided by 14912.
21
What is the remainder when 25791708 is divided by 49695?
3
Calculate the remainder when 7798820 is divided by 187.
172
What is the remainder when 74951999 is divided by 160?
159
What is the remainder when 1445217 is divided by 2183?
71
Calculate the remainder when 945982 is divided by 628.
214
What is the remainder when 5239436 is divided by 1309856?
12
What is the remainder when 106236 is divided by 26459?
400
Calculate the remainder when 2526134 is divided by 866.
12
Calculate the remainder when 56893 is divided by 103.
37
What is the remainder when 37550427 is divided by 22?
13
What is the remainder when 99354 is divided by 207?
201
What is the remainder when 1389915 is divided by 70?
65
Calculate the remainder when 27328586 is divided by 68.
66
Calculate the remainder when 701936 is divided by 63812.
4
Calculate the remainder when 36225 is divided by 7154.
455
Calculate the remainder when 2797794 is divided by 591.
0
What is the remainder when 94182462 is divided by 2297133?
9
What is the remainder when 6262405 is divided by 17?
13
Calculate the remainder when 212982 is divided by 699.
486
Calculate the remainder when 1132435 is divided by 11102.
31
Calculate the remainder when 56748797 is divided by 184.
69
What is the remainder when 38636054 is divided by 12?
2
Calculate the remainder when 3747547 is divided by 1245.
97
Calculate the remainder when 1747641 is divided by 356.
37
Calculate the remainder when 12958474 is divided by 3239610.
34
What is the remainder when 2237413 is divided by 1259?
170
Calculate the remainder when 5508008 is divided by 392.
16
Calculate the remainder when 23950327 is divided by 1238.
1217
What is the remainder when 6797381 is divided by 141612?
5
Calculate the remainder when 5446081 is divided by 1071.
46
Calculate the remainder when 1827185385 is divided by 53.
50
Calculate the remainder when 253998 is divided by 41506.
4962
What is the remainder when 171222 is divided by 56993?
243
What is the remainder when 2843995 is divided by 2370?
2365
What is the remainder when 19329 is divided by 3747?
594
What is the remainder when 3496530 is divided by 1165498?
36
Calculate the remainder when 22835201 is divided by 4567040.
1
Calculate the remainder when 52877564 is divided by 343.
341
Calculate the remainder when 23954624 is divided by 98986.
12
Calculate the remainder when 204568 is divided by 401.
58
What is the remainder when 2425417 is divided by 2252?
13
Calculate the remainder when 654668 is divided by 4924.
4700
What is the remainder when 29920077 is divided by 1416?
1413
What is the remainder when 355669 is divided by 70934?
999
What is the remainder when 431253 is divided by 2425?
2028
Calculate the remainder when 247963 is divided by 61597.
1575
Calculate the remainder when 79752829 is divided by 1650.
79
Calculate the remainder when 79302 is divided by 2031.
93
What is the remainder when 130855821 is divided by 67?
64
What is the remainder when 819805 is divided by 22769?
121
What is the remainder when 479517 is divided by 238711?
2095
Calculate the remainder when 853013 is divided by 26623.
1077
What is the remainder when 38917545 is divided by 7?
2
What is the remainder when 228152834 is divided by 27?
26
Calculate the remainder when 54379 is divided by 1564.
1203
What is the remainder when 21033947 is divided by 18?
11
Calculate the remainder when 173483026 is divided by 306.
304
Calculate the remainder when 9684053 is divided by 8399.
6
What is the remainder when 10654593 is divided by 902?
169
Calculate the remainder when 5733091 is divided by 495.
1
What is the remainder when 28986933 is divided by 354?
351
What is the remainder when 25499396 is divided by 57302?
6
What is the remainder when 12378365 is divided by 1135?
55
Calculate the remainder when 206991 is divided by 920.
911
Calculate the remainder when 54140 is divided by 13535.
0
What is the remainder when 2548539 is divided by 231682?
37
Calculate the remainder when 87613 is divided by 12515.
8
What is the remainder when 479435 is divided by 4129?
471
What is the remainder when 3640907 is divided by 1820453?
1
Calculate the remainder when 848774 is divided by 267.
248
Calculate the remainder when 6594652 is divided by 1978.
0
What is the remainder when 21494977 is divided by 21494837?
140
Calculate the remainder when 2796688 is divided by 1818.
604
Calculate the remainder when 4155652 is divided by 692607.
10
What is the remainder when 399123 is divided by 49890?
3
What is the remainder when 469010 is divided by 1606?
58
Calculate the remainder when 493053 is divided by 256.
253
Calculate the remainder when 50566 is divided by 5599.
175
What is the remainder when 107005983 is divided by 279?
276
What is the remainder when 783571 is divided by 617?
598
What is the remainder when 186104708 is divided by 730?
698
What is the remainder when 635821 is divided by 680?
21
Calculate the remainder when 22608 is divided by 6591.
2835
What is the remainder when 690539 is divided by 2666?
45
Calculate the remainder when 261680497 is divided by 57.
52
What is the remainder when 3737320 is divided by 4879?
6
Calculate the remainder when 313152 is divided by 1078.
532
What is the remainder when 280015545 is divided by 161?
159
What is the remainder when 6034320 is divided by 154?
138
Calculate the remainder when 2517315 is divided by 2517262.
53
What is the remainder when 141182 is divided by 1682?
1576
What is the remainder when 265750 is divided by 8857?
40
Calculate the remainder when 240536 is divided by 2253.
1718
What is the remainder when 2021302 is divided by 557?
506
What is the remainder when 7373829 is divided by 3686904?
21
What is the remainder when 14540463 is divided by 1615606?
9
What is the remainder when 1325710 is divided by 66275?
210
What is the remainder when 5833250 is divided by 833320?
10
What is the remainder when 38377 is divided by 157?
69
What is the remainder when 69770 is divided by 6321?
239
What is the remainder when 41427 is divided by 1439?
1135
What is the remainder when 448085 is divided by 221?
118
What is the remainder when 7007721 is divided by 193?
84
Calculate the remainder when 69005 is divided by 3569.
1194
What is the remainder when 2896809 is divided by 18451?
2
Calculate the remainder when 10365810 is divided by 2084.
2078
What is the remainder when 37449602 is divided by 323?
13
Calculate the remainder when 34682949 is divided by 93.
87
What is the remainder when 85686569 is divided by 30?
29
What is the remainder when 2213089 is divided by 31?
30
Calculate the remainder when 537176 is divided by 3653.
185
What is the remainder when 677526006 is divided by 141?
138
Calculate the remainder when 67610 is divided by 59160.
8450
Calculate the remainder when 24582 is divided by 2637.
849
Calculate the remainder when 166039 is divided by 4352.
663
Calculate the remainder when 1420659 is divided by 1420479.
180
Calculate the remainder when 78756 is divided by 1710.
96
Calculate the remainder when 459808 is divided by 76627.
46
What is the remainder when 1241583 is divided by 310227?
675
Calculate the remainder when 77250 is divided by 1452.
294
What is the remainder when 125952 is divided by 3967?
2975
What is the remainder when 3976482 is divided by 994076?
178
What is the remainder when 235634722 is divided by 36?
34
What is the remainder when 1309358 is divided by 1647?
1640
Calculate the remainder w